(l). Is (37/f + -3)/((-4)/(-88)) prime?
False
Let c be 14 + -12 - 2*11/(-2). Suppose c*k + 59382 = 31*k. Is k prime?
True
Let y = 144861 + -83642. Is y composite?
True
Let h(t) be the third derivative of -287*t**4/8 + 59*t**3/6 - 38*t**2. Is h(-14) prime?
True
Let p = 1672120 - 1190607. Is p a composite number?
False
Let b be (-2)/9 + 40/18 + 0. Suppose -3*f - 3*n = -12621, -2*f + b*n = 2*f - 16852. Is f a composite number?
False
Suppose 3*m - 19765 = -x + 41852, 0 = 2*m + 4*x - 41088. Suppose 12*k - m = 18570. Is k prime?
True
Let p = 2244 - -560. Suppose -28*f + p = -9992. Is f a prime number?
True
Let w(q) = -8*q**3 - 2*q**2 - 4*q - 2. Let u be w(-1). Suppose u = -3*n + 7*n. Suppose -n*m + 1439 + 285 = 0. Is m composite?
True
Let w(l) = -l**3 + l**2 - 2*l + 2. Let y be w(0). Suppose 0 = -4*k - 3*i + 17, 2 - 4 = y*i. Suppose z = k*z - 764. Is z a prime number?
True
Let s(n) = n**2 + 5*n - 11. Let u be s(27). Let v = -311 - -1049. Suppose j = k - 800, 2*k - 5*j - u = v. Is k prime?
False
Is 2*390519/6 + (-52)/26 composite?
False
Suppose -106170 - 37405 = -5*z. Is z a prime number?
False
Let d = 284 - 87. Let c = 812 + d. Is c composite?
False
Suppose 29*f - 78675639 = -76*f - 4847304. Is f prime?
True
Let j(q) be the second derivative of 44*q**7/35 - q**6/180 + q**5/60 - q**4/24 - 7*q**3/2 + 16*q. Let s(w) be the second derivative of j(w). Is s(1) composite?
True
Let l(d) = d**3 + 8*d**2 + 5. Let i be l(-8). Suppose i*w - 12594 = 3*x, -7*x = 5*w - 2*x - 12570. Suppose -15*o - w = -18*o. Is o composite?
False
Suppose 4*v + v + 4055 = 5*y, -v = -2*y + 1625. Let i be ((-35)/(-49))/(4/(-6)*6/(-28)). Suppose 2*s - i*s = -4*z - 610, 4*s - 5*z - y = 0. Is s composite?
True
Suppose 3*h = x + 8, 2*h + 2*x - 9 + 1 = 0. Suppose 2*w + 11869 = j, -4*j + j + h*w = -35598. Is j a composite number?
False
Let k(t) = t - 10. Let m be k(14). Suppose -3*v = m*j - 3527, 7*j + 1181 = v + 3*j. Is v a prime number?
False
Let w = -29227 - -63116. Is w a prime number?
True
Suppose -9*b = 15*b - 2895432. Is b a prime number?
False
Let j(l) = l**3 - 23*l**2 + 6. Let c be j(23). Let f be 66/(-11)*((-508)/c + -1). Suppose 0 = 4*g - f - 3042. Is g composite?
True
Let n be -1 + 1 - -1 - -9. Suppose -n*g + 29436 = 2*g. Is g a composite number?
True
Let v(k) = 0*k - 3 + 2*k + 1266*k**2 + 1076*k**2 - 24*k**2. Is v(1) a prime number?
False
Let z = -327 + 2887. Let n = z + -837. Is n composite?
False
Let i = -529654 + 886523. Is i a prime number?
True
Suppose -24*f + 18906 = -f. Suppose -3604 = -2*d - f. Is d composite?
True
Suppose -7*s - 47135 = -6395. Let g = 10441 + s. Is g a prime number?
True
Suppose 134776 = -32*z + 40*z. Suppose -6*r = -751 - z. Is r a prime number?
False
Let l = 0 + -9. Is (-778)/6*135/l a prime number?
False
Let i be (2 + 40/(-6))*(-233820)/210. Let a = 15475 + i. Is a a prime number?
False
Let a(c) = 88*c + 9. Let m(o) be the first derivative of o**2/2 + o + 9. Let h(x) = a(x) - 5*m(x). Is h(5) a prime number?
True
Suppose 3*h + 15 = 0, 11 = 5*i + h - 24. Let m be 4/(-14)*(1 - i). Suppose -m*o + 3 = -151. Is o a prime number?
False
Let x be (16/4 + 133)*(3 - -271). Let o = -18679 + x. Is o a composite number?
False
Let h be (-6)/(3 + -6) - 0. Is -3 + (h - 138*-14) prime?
True
Let c = -517932 - -811331. Is c a prime number?
True
Let d = 1081593 + -639340. Is d prime?
False
Let v be ((-54)/(-3))/((-6)/3). Is 5444*3/8*(-6)/v composite?
False
Let n = 2643 - 1212. Suppose 0 = -17*m + 14*m + n. Suppose -6*t + 3*t = -m. Is t prime?
False
Suppose 0 = -4*h + 5*w + 146342, 2*h = -w + 20475 + 52689. Is h a composite number?
False
Let i = -37020 - -158977. Is i prime?
False
Is ((-1)/(-2))/(28/(794011 - -13)) prime?
False
Let w(f) = -f**2 + 46*f - 90. Let s be w(6). Suppose 9*i = 6*i - 60. Is (-1232)/(-15) + i/s a prime number?
False
Let p = -217 - -193. Is (-3)/(-36) + (-91414)/p prime?
False
Let b(h) = 16*h**2 + 810*h - 11. Is b(62) a prime number?
False
Let u = 193062 + -124143. Is u a prime number?
False
Let l(k) = 338*k - 6 + 3 + 11 - 41. Is l(10) composite?
False
Suppose -289*o + 5756402 = -6*o - 21*o. Is o composite?
True
Let f = -35 - -40. Suppose 3*m + 5*t = -3097, -4*m - 5*t + 1059 = -f*m. Let o = m + 1502. Is o composite?
False
Let l(b) = 5*b - 16. Let c(f) = -f + 3. Let s(x) = 11*c(x) + 2*l(x). Let a(t) = 68*t - 12. Let u(n) = -a(n) - 5*s(n). Is u(-4) a composite number?
True
Let y(m) = 32*m**3 - m**2 - 6*m + 5*m - 34*m**3. Let j be y(-6). Let o = j + -47. Is o a prime number?
False
Let n = -19701 + 90634. Is n a composite number?
True
Let n(f) = f**2 + 2*f + 2. Let i be n(-3). Suppose -i*g + 5876 - 1441 = 0. Is g prime?
True
Let t be ((-6)/1 - -12)/3. Is 21*222 + (3 - (t + 0)) a composite number?
False
Suppose 0 = 151*f - 5321714 - 3577773. Is f a composite number?
False
Let c(f) = 55*f**2 + 172*f - 5671. Is c(146) prime?
True
Suppose -19 - 51 = 5*x + 5*h, -73 = 5*x + 4*h. Let v be -2 - -957 - 2 - (x + 19). Suppose v = -5*i + 5456. Is i composite?
True
Suppose -5*h = a - 104, -4*a - 20 - 44 = -4*h. Suppose -h*j + 2721 = -17*j. Is j a prime number?
True
Let q(h) = 15359*h - 7238. Is q(9) composite?
True
Let k(m) = 22876*m - 1527. Is k(11) composite?
False
Let z(c) = 5*c**2 + 103*c - 17. Let q = 58 - 84. Is z(q) a prime number?
False
Let t be 1479 + (-3)/((-3)/(-2)). Let s = 333 + -325. Suppose 0 = -f + s*f - t. Is f a prime number?
True
Suppose -2*z - 6732 = 2*n, 6726 = -2*n - 6*z + 7*z. Let h = n - -5969. Is h composite?
True
Suppose -7*t + t = -30. Let w(z) = 212*z - 23. Is w(t) a composite number?
True
Let a be (-5)/(-10)*(17 + 3). Suppose -j = a*j - 9251. Is j composite?
True
Suppose -164*t - t + 12062985 = 0. Is t composite?
True
Suppose 0 = -5*u - 0*u - 7*u. Suppose -5*s = -3*t - 16891, u*t = s - 2*t - 3381. Is s prime?
False
Let n be (23 - 23)*1/(-1). Suppose -5*l + 7785 = -8*p + 3*p, n = -2*p + 8. Is l prime?
False
Suppose 0 = -5*f + 2*f + 114. Let j(d) = -d**3 + 26*d**2 - 10*d + 295. Let u be j(26). Suppose f*t = u*t + 1437. Is t a prime number?
True
Suppose 41*i - 1169541 = -6*i + 1947452. Is i prime?
False
Is ((-25)/275 - 174439/(-11)) + (-5)/(-5) prime?
True
Is 3229/(-3 + ((-20)/22 - -4)) composite?
True
Suppose 3*d + 27612 - 129678 = 3*l, 3*d - 102071 = 2*l. Is d a composite number?
True
Let f = 234823 + -121272. Is f composite?
True
Suppose 44620073 + 28713432 = 68*u + 25426077. Is u a prime number?
True
Let b = 631 + -339. Let g = b + 230. Suppose -8*f = -2*f - g. Is f a prime number?
False
Is ((-2)/(-5))/1 - 41253/(-5) composite?
True
Suppose -1286*j + 1264*j + 9686182 = 0. Is j composite?
False
Suppose 4*b - 5 = -1, -3*a = -2*b + 194. Let y = -93 - a. Let t(z) = -47*z + 18. Is t(y) composite?
False
Let m = -68804 - -337291. Is m a prime number?
True
Suppose 0 = -8*n + 15*n - 4683. Suppose 3*d + n = 4*d. Is d a composite number?
True
Let j(u) = -915*u**3 - 22*u**2 - 224*u - 62. Is j(-7) a prime number?
False
Let g(u) = -2*u + 17. Let a be g(6). Suppose -4*z - 5*x + 6999 = 0, a*z + x = -x + 8736. Is (-12)/78 + z/26 a prime number?
True
Let k = -298 + 302. Suppose -4 = k*j, -3*t + 20*j + 10718 = 15*j. Is t composite?
False
Is 3/(-18) + -45177388*(-2)/48 a composite number?
True
Suppose 5*a - 2020 = 3090. Let w = 1575 - a. Is w composite?
True
Let x(n) = -122*n**2 - 114*n - 18. Let k(q) = -81*q**2 - 76*q - 12. Let r(a) = 7*k(a) - 5*x(a). Is r(-9) composite?
True
Suppose -6*z = -0*z - 24. Suppose -z*d + 36382 = -3*g, 0 = -d + 2*g + 1910 + 7188. Is d composite?
True
Let t = -3346 - -14299. Let r = -5998 + t. Is r prime?
False
Let t(l) = 35*l + 17. Suppose 3*k = 3*z, 4*z + 3 = -k + 6*k. Let y be 15 + (0 + z)/(-1). Is t(y) a composite number?
True
Suppose -5*w + 149 = 4*n, n - 62 = -3*w + w. Suppose -5*r + 5*p - w - 2 = 0, -5*r = -2*p + 32. Is (807/r)/(1*2/(-4)) a prime number?
True
Let y(u) = 697*u**3 - 38*u**2 - 23*u + 9. Is y(5) a prime number?
True
Let j = 56572 + 1833. Suppose -j + 15788 = -19*d. Is d composite?
False
Let z be (-1)/2 - (-35)/(-10). Let h be 69/46*z/(-3). Suppose 4*g - 1590 = -2*r, -h*r = -g + 514 - 129. Is g a prime number?
False
Let l be -2*4/8*(-33)/(-3). Let k be (l/((-231)/(-13968)))/(1/(-7)). Suppose -3*j - 1629 = -k. Is j prime?
True
Suppose 44*k - 735113 = -18155 + 42790. Is k a composite number?
True
Let u(w)